{"id":2796,"date":"2022-03-03T10:03:22","date_gmt":"2022-03-03T09:03:22","guid":{"rendered":"https:\/\/www.mass-schneider-rhein-main.de\/?page_id=2796"},"modified":"2022-03-03T10:03:22","modified_gmt":"2022-03-03T09:03:22","slug":"newsletter","status":"publish","type":"page","link":"https:\/\/www.mass-schneider-rhein-main.de\/?page_id=2796","title":{"rendered":"Newsletter"},"content":{"rendered":"\n<p>In unregelm\u00e4\u00dfigen Abst\u00e4nden erscheint ein Newsletter mit Neuigkeiten aus der Schneider-Welt.<\/p>\n\n\n\n<p>Darin enthalten sind:<\/p>\n\n\n\n<ul class=\"wp-block-list\"><li>Stellenausschreibungen deutschlandweit<\/li><li>Veranstaltungen zum Thema Mode und Schneider<\/li><li>Seminare<\/li><li>Tips zu Ausstellungen<\/li><li>Verk\u00e4ufe von professionellem Schneider-Equipment<\/li><\/ul>\n\n\n\n<p><\/p>\n\n\n\n<p>Newsletter abonnieren? Tragen Sie sich bitte hier ein.<\/p>\n\n\n\n<div class=\"wp-block-contact-form-7-contact-form-selector\">\n<div class=\"wpcf7 no-js\" id=\"wpcf7-f2786-o1\" lang=\"de-DE\" dir=\"ltr\" data-wpcf7-id=\"2786\">\n<div class=\"screen-reader-response\"><p role=\"status\" aria-live=\"polite\" aria-atomic=\"true\"><\/p> <ul><\/ul><\/div>\n<form action=\"\/index.php?rest_route=%2Fwp%2Fv2%2Fpages%2F2796#wpcf7-f2786-o1\" method=\"post\" class=\"wpcf7-form init\" aria-label=\"Kontaktformular\" novalidate=\"novalidate\" data-status=\"init\">\n<fieldset class=\"hidden-fields-container\"><input type=\"hidden\" name=\"_wpcf7\" value=\"2786\" \/><input type=\"hidden\" name=\"_wpcf7_version\" value=\"6.1.5\" \/><input type=\"hidden\" name=\"_wpcf7_locale\" value=\"de_DE\" \/><input type=\"hidden\" name=\"_wpcf7_unit_tag\" value=\"wpcf7-f2786-o1\" \/><input type=\"hidden\" name=\"_wpcf7_container_post\" value=\"0\" \/><input type=\"hidden\" name=\"_wpcf7_posted_data_hash\" value=\"\" \/>\n<\/fieldset>\n<p><label> E-Mail<br \/>\n<span class=\"wpcf7-form-control-wrap\" data-name=\"mail\"><input size=\"40\" maxlength=\"400\" class=\"wpcf7-form-control wpcf7-text wpcf7-validates-as-required\" aria-required=\"true\" aria-invalid=\"false\" value=\"\" type=\"text\" name=\"mail\" \/><\/span> <\/label>\n<\/p>\n<p><span class=\"wpcf7-form-control-wrap\" data-name=\"Robot\"><span class=\"wpcf7-form-control wpcf7-checkbox wpcf7-validates-as-required\"><span class=\"wpcf7-list-item first last\"><label><input type=\"checkbox\" name=\"Robot[]\" value=\"Ich bin kein Roboter.\" \/><span class=\"wpcf7-list-item-label\">Ich bin kein Roboter.<\/span><\/label><\/span><\/span><\/span>\n<\/p>\n<p><input class=\"wpcf7-form-control wpcf7-submit has-spinner\" type=\"submit\" value=\"Schneider-Newsletter abonnieren\" \/>\n<\/p><div class=\"wpcf7-response-output\" aria-hidden=\"true\"><\/div>\n<\/form>\n<\/div>\n<\/div>\n","protected":false},"excerpt":{"rendered":"<p>In unregelm\u00e4\u00dfigen Abst\u00e4nden erscheint ein Newsletter mit Neuigkeiten aus der Schneider-Welt. Darin enthalten sind: Stellenausschreibungen deutschlandweit Veranstaltungen zum Thema Mode und Schneider Seminare Tips zu Ausstellungen Verk\u00e4ufe von professionellem Schneider-Equipment Newsletter abonnieren? Tragen Sie sich bitte hier ein.<\/p>\n","protected":false},"author":1,"featured_media":0,"parent":0,"menu_order":0,"comment_status":"closed","ping_status":"closed","template":"","meta":{"ngg_post_thumbnail":0,"footnotes":""},"class_list":["post-2796","page","type-page","status-publish","hentry"],"_links":{"self":[{"href":"https:\/\/www.mass-schneider-rhein-main.de\/index.php?rest_route=\/wp\/v2\/pages\/2796","targetHints":{"allow":["GET"]}}],"collection":[{"href":"https:\/\/www.mass-schneider-rhein-main.de\/index.php?rest_route=\/wp\/v2\/pages"}],"about":[{"href":"https:\/\/www.mass-schneider-rhein-main.de\/index.php?rest_route=\/wp\/v2\/types\/page"}],"author":[{"embeddable":true,"href":"https:\/\/www.mass-schneider-rhein-main.de\/index.php?rest_route=\/wp\/v2\/users\/1"}],"replies":[{"embeddable":true,"href":"https:\/\/www.mass-schneider-rhein-main.de\/index.php?rest_route=%2Fwp%2Fv2%2Fcomments&post=2796"}],"version-history":[{"count":2,"href":"https:\/\/www.mass-schneider-rhein-main.de\/index.php?rest_route=\/wp\/v2\/pages\/2796\/revisions"}],"predecessor-version":[{"id":2850,"href":"https:\/\/www.mass-schneider-rhein-main.de\/index.php?rest_route=\/wp\/v2\/pages\/2796\/revisions\/2850"}],"wp:attachment":[{"href":"https:\/\/www.mass-schneider-rhein-main.de\/index.php?rest_route=%2Fwp%2Fv2%2Fmedia&parent=2796"}],"curies":[{"name":"wp","href":"https:\/\/api.w.org\/{rel}","templated":true}]}}