{"id":39,"date":"2008-11-19T22:14:41","date_gmt":"2008-11-19T21:14:41","guid":{"rendered":"http:\/\/www.neutrophilum.de\/kunden\/thiessen\/?page_id=39"},"modified":"2022-05-12T14:35:49","modified_gmt":"2022-05-12T13:35:49","slug":"ausbildung","status":"publish","type":"page","link":"https:\/\/www.mass-schneider-rhein-main.de\/?page_id=39","title":{"rendered":"Aus- und Weiterbildung"},"content":{"rendered":"<p>Die Ausbildung in unserem sch\u00f6nen Beruf erfolgt klassischerweise im dualen System, das bedeutet, dass anteilig Zeit im Ausbildungsbetrieb f\u00fcr die Praxis verbracht wird und in der Berufsschule f\u00fcr den Theorieunterricht.<br \/>\nEs ist im Rhein-Main-Gebiet jedoch auch m\u00f6glich die Ausbildung vollschulisch zu absolvieren.<\/p>\n<p>Vor Beginn der dreij\u00e4hrigen Ausbildung wird der Schwerpunkt \u2013 Damen oder Herren \u2013 festgelegt, der ma\u00dfgeblich die Lehrinhalte bestimmt. Nach 1,5 Jahren wird die Zwischenpr\u00fcfung abgelegt (entweder ein Damenrock oder eine Herrenhose) und am Ende der Lehrzeit die Gesellenpr\u00fcfung (ein Damenblazer oder ein Herrensakko).<\/p>\n<p>Mit Ablegen der Pr\u00fcfung wird der Gesellenbrief erreicht, mit dem einem nicht nur alle Wege innerhalb des Berufes offen stehen, sondern auch bestimmte Studieng\u00e4nge.<\/p>\n<p>In der weiterf\u00fchrenden Ausbildung, die je nach Schule 1-2 Jahre dauert, kann der Meistertitel erlangt werden. Dieser ist international mit dem Bachelor gleichgestellt und berechtigt zum Hochschulstudium.<\/p>\n<p><a title=\"Alle Ausbildungsbetriebe\" href=\"https:\/\/www.mass-schneider-rhein-main.de\/?cat=3&amp;tag=ausbildungsbetriebe\" target=\"_self\" rel=\"noopener noreferrer\">Hier<\/a> geht es zu unseren Ausbildungsbetrieben.<\/p>\n<p>&nbsp;<\/p>\n<p>&nbsp;<\/p>\n<p>Quellen:<br \/>\n<a href=\"https:\/\/www.dqr.de\/dqr\/de\/home\/home_node.html\">Deutscher Qualifikationsrahmen<\/a><br \/>\n<a href=\"https:\/\/www.bibb.de\/dienst\/berufesuche\/de\/index_berufesuche.php\/regulation\/masschneider.pdf\">Ausbildungsverordnung<\/a><br \/>\n<a href=\"https:\/\/www.gesetze-im-internet.de\/daheschnmstrv\/DaHeSchnMstrV.pdf\">Meisterpr\u00fcfungsverordnung <\/a><\/p>\n<p>&nbsp;<\/p>\n","protected":false},"excerpt":{"rendered":"<p>Die Ausbildung in unserem sch\u00f6nen Beruf erfolgt klassischerweise im dualen System, das bedeutet, dass anteilig Zeit im Ausbildungsbetrieb f\u00fcr die Praxis verbracht wird und in der Berufsschule f\u00fcr den Theorieunterricht. Es ist im Rhein-Main-Gebiet jedoch auch m\u00f6glich die Ausbildung vollschulisch zu absolvieren. Vor Beginn der dreij\u00e4hrigen Ausbildung wird der Schwerpunkt \u2013 Damen oder Herren \u2013 [&hellip;]<\/p>\n","protected":false},"author":1,"featured_media":0,"parent":0,"menu_order":0,"comment_status":"open","ping_status":"open","template":"","meta":{"ngg_post_thumbnail":0,"footnotes":""},"class_list":["post-39","page","type-page","status-publish","hentry"],"_links":{"self":[{"href":"https:\/\/www.mass-schneider-rhein-main.de\/index.php?rest_route=\/wp\/v2\/pages\/39","targetHints":{"allow":["GET"]}}],"collection":[{"href":"https:\/\/www.mass-schneider-rhein-main.de\/index.php?rest_route=\/wp\/v2\/pages"}],"about":[{"href":"https:\/\/www.mass-schneider-rhein-main.de\/index.php?rest_route=\/wp\/v2\/types\/page"}],"author":[{"embeddable":true,"href":"https:\/\/www.mass-schneider-rhein-main.de\/index.php?rest_route=\/wp\/v2\/users\/1"}],"replies":[{"embeddable":true,"href":"https:\/\/www.mass-schneider-rhein-main.de\/index.php?rest_route=%2Fwp%2Fv2%2Fcomments&post=39"}],"version-history":[{"count":56,"href":"https:\/\/www.mass-schneider-rhein-main.de\/index.php?rest_route=\/wp\/v2\/pages\/39\/revisions"}],"predecessor-version":[{"id":2833,"href":"https:\/\/www.mass-schneider-rhein-main.de\/index.php?rest_route=\/wp\/v2\/pages\/39\/revisions\/2833"}],"wp:attachment":[{"href":"https:\/\/www.mass-schneider-rhein-main.de\/index.php?rest_route=%2Fwp%2Fv2%2Fmedia&parent=39"}],"curies":[{"name":"wp","href":"https:\/\/api.w.org\/{rel}","templated":true}]}}